 the remainder when 15277 is divided by 391.
28
What is the remainder when 4475 is divided by 301?
261
What is the remainder when 654341 is divided by 1179?
1175
What is the remainder when 606529917 is divided by 2612?
9
What is the remainder when 115222 is divided by 84?
58
What is the remainder when 1609350 is divided by 4719?
171
Calculate the remainder when 5110137 is divided by 7.
4
Calculate the remainder when 2662 is divided by 463.
347
What is the remainder when 1632547 is divided by 10267?
94
Calculate the remainder when 4593538 is divided by 925.
913
What is the remainder when 1409346867 is divided by 457?
454
Calculate the remainder when 99884 is divided by 420.
344
What is the remainder when 3901395 is divided by 605?
355
What is the remainder when 15235939 is divided by 51?
46
What is the remainder when 37317623 is divided by 12439191?
50
Calculate the remainder when 2146048 is divided by 536507.
20
What is the remainder when 16748719 is divided by 1860967?
16
Calculate the remainder when 153302 is divided by 3047.
952
What is the remainder when 11477308 is divided by 877?
9
What is the remainder when 1041438 is divided by 45255?
573
What is the remainder when 12750807 is divided by 15?
12
What is the remainder when 179684 is divided by 33?
32
Calculate the remainder when 2328376 is divided by 982.
54
Calculate the remainder when 725405 is divided by 103526.
723
Calculate the remainder when 1130436 is divided by 188354.
312
What is the remainder when 3119073 is divided by 3118827?
246
Calculate the remainder when 11686075 is divided by 3552.
3547
Calculate the remainder when 3999029 is divided by 37374.
11
Calculate the remainder when 2732281 is divided by 138.
19
What is the remainder when 2209591 is divided by 2701?
173
Calculate the remainder when 162513 is divided by 6773.
6734
Calculate the remainder when 965051 is divided by 74074.
2089
What is the remainder when 22128539 is divided by 570?
569
What is the remainder when 7123055 is divided by 791447?
32
Calculate the remainder when 591128 is divided by 412.
320
What is the remainder when 60686187 is divided by 24?
3
What is the remainder when 484349292 is divided by 242174646?
0
What is the remainder when 32820069 is divided by 920?
909
Calculate the remainder when 13121 is divided by 4831.
3459
Calculate the remainder when 1193355 is divided by 1192938.
417
Calculate the remainder when 3555380 is divided by 5564.
5548
What is the remainder when 40559729 is divided by 1622?
1619
Calculate the remainder when 76117310 is divided by 2819159.
17
Calculate the remainder when 139446 is divided by 5975.
2021
Calculate the remainder when 22998115 is divided by 522684.
19
What is the remainder when 201888 is divided by 486?
198
Calculate the remainder when 4918876 is divided by 10.
6
Calculate the remainder when 213418 is divided by 1524.
58
What is the remainder when 92269 is divided by 704?
45
Calculate the remainder when 5140258 is divided by 268.
18
What is the remainder when 32041 is divided by 1567?
701
What is the remainder when 6587 is divided by 1376?
1083
Calculate the remainder when 8375526 is divided by 3947.
3939
Calculate the remainder when 257571345 is divided by 73951.
12
Calculate the remainder when 148081029 is divided by 472.
469
Calculate the remainder when 13329710 is divided by 11.
9
Calculate the remainder when 14551 is divided by 9310.
5241
Calculate the remainder when 5232587 is divided by 1928.
1923
Calculate the remainder when 2506545 is divided by 102.
99
Calculate the remainder when 1546770 is divided by 505.
460
Calculate the remainder when 1684031 is divided by 84137.
1291
What is the remainder when 1445334 is divided by 178?
152
What is the remainder when 10658 is divided by 3031?
1565
What is the remainder when 196348 is divided by 49059?
112
Calculate the remainder when 1566657 is divided by 63.
36
Calculate the remainder when 295118 is divided by 3107.
3060
Calculate the remainder when 61814630 is divided by 20604863.
41
Calculate the remainder when 29944 is divided by 9760.
664
Calculate the remainder when 65627375 is divided by 3331.
13
Calculate the remainder when 792590 is divided by 3235.
15
What is the remainder when 801113 is divided by 430?
23
What is the remainder when 19872967 is divided by 1656080?
7
Calculate the remainder when 178675 is divided by 85683.
7309
Calculate the remainder when 22424604 is divided by 275.
4
What is the remainder when 3884 is divided by 1290?
14
Calculate the remainder when 626321 is divided by 2067.
20
What is the remainder when 1143343 is divided by 67254?
25
What is the remainder when 16373172 is divided by 2046646?
4
What is the remainder when 2539016 is divided by 641?
15
Calculate the remainder when 361138 is divided by 344.
282
Calculate the remainder when 47708620 is divided by 15902856.
52
What is the remainder when 132832 is divided by 32950?
1032
Calculate the remainder when 7973 is divided by 23.
15
What is the remainder when 5861307 is divided by 38309?
30
Calculate the remainder when 1412133 is divided by 394.
37
What is the remainder when 628509 is divided by 4491?
4260
Calculate the remainder when 572454 is divided by 58.
52
What is the remainder when 9444 is divided by 8054?
1390
What is the remainder when 2753200 is divided by 952?
16
Calculate the remainder when 4259417 is divided by 600.
17
What is the remainder when 63282819 is divided by 1471693?
20
What is the remainder when 445833261 is divided by 5002?
5001
Calculate the remainder when 57017998 is divided by 340.
338
Calculate the remainder when 704062 is divided by 27064.
398
Calculate the remainder when 3412759 is divided by 10067.
46
Calculate the remainder when 4892238 is divided by 3746.
3708
What is the remainder when 1025347 is divided by 93208?
59
What is the remainder when 2531954 is divided by 62?
60
Calculate the remainder when 74397 is divided by 4141.
4000
What is the remainder when 5385079 is divided by 672997?
1103
Calculate the remainder when 212154462 is divided by 3257.
3253
What is the remainder when 210872659 is divided by 54?
13
What is the remainder when 673599 is divided by 1570?
69
Calculate the remainder when 41454 is divided by 16419.
8616
Calculate the remainder when 1020624 is divided by 3130.
244
What is the remainder when 60655563 is divided by 417?
411
Calculate the remainder when 125577164 is divided by 25.
14
Calculate the remainder when 1349371 is divided by 1349282.
89
What is the remainder when 110886 is divided by 33287?
11025
Calculate the remainder when 99291 is divided by 33.
27
What is the remainder when 82512731 is divided by 159?
158
Calculate the remainder when 2020114 is divided by 2941.
2588
What is the remainder when 114775 is divided by 3817?
265
Calculate the remainder when 15249971 is divided by 786.
785
What is the remainder when 4080330 is divided by 18?
0
Calculate the remainder when 65480575 is divided by 16.
15
Calculate the remainder when 25950209 is divided by 110.
109
What is the remainder when 1748233 is divided by 874114?
5
Calculate the remainder when 7242940 is divided by 1035.
10
Calculate the remainder when 83541837 is divided by 593.
590
What is the remainder when 12226458 is divided by 537?
42
Calculate the remainder when 549266 is divided by 3711.
38
What is the remainder when 609957 is divided by 7261?
33
Calculate the remainder when 13100612 is divided by 255.
242
What is the remainder when 105653 is divided by 2188?
629
Calculate the remainder when 20116011 is divided by 132.
3
What is the remainder when 86464017 is divided by 2531?
2526
What is the remainder when 2077306 is divided by 103859?
126
What is the remainder when 52061 is divided by 313?
103
Calculate the remainder when 552418928 is divided by 14.
12
What is the remainder when 673834 is divided by 37?
27
What is the remainder when 631020 is divided by 862?
36
What is the remainder when 647349 is divided by 23975?
24
Calculate the remainder when 38091617 is divided by 1645.
1642
Calculate the remainder when 118549 is divided by 2107.
557
What is the remainder when 656522 is divided by 16?
10
What is the remainder when 112121842 is divided by 475?
467
What is the remainder when 1096638 is divided by 4923